?
7
What is the ten thousands digit of 72101?
7
What is the tens digit of 45341?
4
What is the thousands digit of 6632?
6
What is the thousands digit of 12130?
2
What is the hundreds digit of 33323?
3
What is the thousands digit of 9342?
9
What is the tens digit of 69?
6
What is the tens digit of 25097?
9
What is the units digit of 1416?
6
What is the tens digit of 316?
1
What is the units digit of 16910?
0
What is the hundreds digit of 4748?
7
What is the units digit of 113028?
8
What is the ten thousands digit of 32686?
3
What is the tens digit of 636?
3
What is the tens digit of 1125?
2
What is the thousands digit of 64897?
4
What is the tens digit of 1077?
7
What is the units digit of 100238?
8
What is the thousands digit of 9875?
9
What is the hundreds digit of 9633?
6
What is the tens digit of 57?
5
What is the hundreds digit of 29355?
3
What is the ten thousands digit of 20912?
2
What is the thousands digit of 1169?
1
What is the ten thousands digit of 13682?
1
What is the units digit of 1415?
5
What is the tens digit of 48611?
1
What is the units digit of 12387?
7
What is the thousands digit of 1747?
1
What is the tens digit of 1886?
8
What is the units digit of 4404?
4
What is the hundreds digit of 730?
7
What is the tens digit of 57845?
4
What is the hundreds digit of 2032?
0
What is the units digit of 1028?
8
What is the units digit of 163363?
3
What is the tens digit of 154068?
6
What is the hundreds digit of 6861?
8
What is the thousands digit of 10700?
0
What is the ten thousands digit of 43354?
4
What is the ten thousands digit of 37342?
3
What is the tens digit of 2273?
7
What is the thousands digit of 3325?
3
What is the units digit of 337?
7
What is the tens digit of 4094?
9
What is the tens digit of 9414?
1
What is the thousands digit of 51115?
1
What is the thousands digit of 15097?
5
What is the thousands digit of 1139?
1
What is the ten thousands digit of 18695?
1
What is the tens digit of 65396?
9
What is the hundreds digit of 110946?
9
What is the hundreds digit of 11389?
3
What is the tens digit of 4855?
5
What is the units digit of 624?
4
What is the thousands digit of 1922?
1
What is the tens digit of 223?
2
What is the thousands digit of 32980?
2
What is the thousands digit of 2928?
2
What is the thousands digit of 3023?
3
What is the tens digit of 2216?
1
What is the tens digit of 11283?
8
What is the thousands digit of 68086?
8
What is the hundreds digit of 596?
5
What is the units digit of 21921?
1
What is the ten thousands digit of 20452?
2
What is the tens digit of 15772?
7
What is the hundreds digit of 3788?
7
What is the hundreds digit of 747?
7
What is the ten thousands digit of 54795?
5
What is the hundreds digit of 24099?
0
What is the units digit of 1516?
6
What is the thousands digit of 155072?
5
What is the tens digit of 13602?
0
What is the tens digit of 274?
7
What is the hundreds digit of 171?
1
What is the hundreds digit of 483?
4
What is the units digit of 76429?
9
What is the tens digit of 1997?
9
What is the ten thousands digit of 18038?
1
What is the thousands digit of 78247?
8
What is the units digit of 27068?
8
What is the tens digit of 4939?
3
What is the ten thousands digit of 30368?
3
What is the tens digit of 207?
0
What is the thousands digit of 149475?
9
What is the hundreds digit of 4563?
5
What is the hundreds digit of 31150?
1
What is the tens digit of 61978?
7
What is the hundreds digit of 8121?
1
What is the thousands digit of 14672?
4
What is the units digit of 8243?
3
What is the units digit of 4228?
8
What is the tens digit of 16782?
8
What is the units digit of 2662?
2
What is the units digit of 9957?
7
What is the tens digit of 26813?
1
What is the thousands digit of 20439?
0
What is the thousands digit of 27518?
7
What is the hundreds digit of 10693?
6
What is the units digit of 828?
8
What is the tens digit of 1149?
4
What is the tens digit of 121?
2
What is the thousands digit of 78446?
8
What is the tens digit of 18800?
0
What is the units digit of 921?
1
What is the units digit of 12734?
4
What is the ten thousands digit of 43470?
4
What is the units digit of 41461?
1
What is the units digit of 51205?
5
What is the tens digit of 514?
1
What is the units digit of 26196?
6
What is the ten thousands digit of 21434?
2
What is the hundreds digit of 760?
7
What is the units digit of 7263?
3
What is the hundreds digit of 1143?
1
What is the units digit of 7896?
6
What is the hundreds digit of 3322?
3
What is the tens digit of 887?
8
What is the units digit of 167?
7
What is the tens digit of 14966?
6
What is the thousands digit of 56440?
6
What is the units digit of 27019?
9
What is the hundreds digit of 4084?
0
What is the units digit of 20524?
4
What is the thousands digit of 1600?
1
What is the ten thousands digit of 27850?
2
What is the hundreds digit of 58265?
2
What is the units digit of 6768?
8
What is the tens digit of 1099?
9
What is the hundreds digit of 19822?
8
What is the units digit of 9886?
6
What is the hundreds digit of 5230?
2
What is the hundreds digit of 28708?
7
What is the units digit of 4800?
0
What is the hundreds digit of 38742?
7
What is the thousands digit of 2875?
2
What is the hundreds digit of 28208?
2
What is the ten thousands digit of 11642?
1
What is the tens digit of 8455?
5
What is the ten thousands digit of 11716?
1
What is the hundred thousands digit of 133014?
1
What is the ten thousands digit of 18840?
1
What is the hundreds digit of 58068?
0
What is the hundreds digit of 35295?
2
What is the units digit of 4846?
6
What is the hundreds digit of 48178?
1
What is the units digit of 959?
9
What is the units digit of 3758?
8
What is the units digit of 93593?
3
What is the tens digit of 2995?
9
What is the tens digit of 904?
0
What is the ten thousands digit of 73855?
7
What is the hundreds digit of 2457?
4
What is the tens digit of 3683?
8
What is the tens digit of 902?
0
What is the ten thousands digit of 25721?
2
What is the tens digit of 1075?
7
What is the tens digit of 408?
0
What is the hundreds digit of 808?
8
What is the thousands digit of 18777?
8
What is the tens digit of 142861?
6
What is the tens digit of 9473?
7
What is the thousands digit of 3507?
3
What is the units digit of 8630?
0
What is the hundreds digit of 6207?
2
What is the units digit of 18954?
4
What is the units digit of 7186?
6
What is the units digit of 546?
6
What is the hundreds digit of 155624?
6
What is the hundreds digit of 14867?
8
What is the ten thousands digit of 30165?
3
What is the units digit of 4947?
7
What is the units digit of 2619?
9
What is the ten thousands digit of 10237?
1
What is the tens digit of 27858?
5
What is the tens digit of 6060?
6
What is the tens digit of 9907?
0
What is the tens digit of 7458?
5
What is the thousands digit of 62840?
2
What is the thousands digit of 50681?
0
What is the hundreds digit of 6624?
6
What is the units digit of 20605?
5
What is the hundreds digit of 2044?
0
What is the tens digit of 20697?
9
What is the hundreds digit of 1098?
0
What is the hundreds digit of 300?
3
What is the tens digit of 1017?
1
What is the units digit of 30758?
8
What is the tens digit of 1105?
0
What is the thousands digit of 146730?
6
What is the tens digit of 46997?
9
What is the hundreds digit of 10406?
4
What is the tens digit of 49024?
2
What is the units digit of 61?
1
What is the units digit of 2143?
3
What is the units digit of 4183?
3
What is the units digit of 4453?
3
What is the hundreds digit of 2737?
7
What is the hundreds digit of 123?
1
What is the units digit of 366?
6
What is the thousands digit of 4051?
4
What is the ten thousands digit of 16263?
1
What is the tens digit of 15865?
6
What is the tens digit of 1774?
7
What is the thousands digit of 23867?
3
What is the ten thousands digit of 60686?
6
What is the tens digit of 421?
2
What is the ten thousands digit of 15043?
1
What is the tens digit of 4436?
3
What is the tens digit of 9750?
5
What is the units digit of 7292?
2
What is the thousands digit of 26426?
6
What is the hundreds digit of 744?
7
What is the tens digit of 479?
7
What is the tens digit of 18538?
3
What is the ten thousands digit of 120977?
2
What is the units digit of 597?
7
What is the units dig